t is -10722 (base 8) in base 10?
-4562
What is 4053 (base 6) in base 10?
897
313 (base 10) to base 7
625
Convert -5885 (base 11) to base 3.
-101120210
What is 210024 (base 5) in base 16?
1ae9
3426 (base 14) to base 9
13365
Convert -1110010100110011 (base 2) to base 12.
-29b57
What is -1053 (base 8) in base 2?
-1000101011
What is -181 (base 16) in base 2?
-110000001
What is -65 (base 13) in base 10?
-83
Convert 828 (base 15) to base 3.
2112002
Convert 101011 (base 2) to base 15.
2d
What is -2683 (base 9) in base 4?
-133203
What is 121202120 (base 3) in base 5?
342334
1011101001110 (base 2) to base 6
43342
What is 1283 (base 15) in base 4?
331230
295 (base 15) to base 2
1001001110
-493a (base 11) to base 10
-6456
-2102102 (base 3) to base 13
-a5b
272 (base 8) to base 16
ba
What is 338 (base 13) in base 9?
675
What is -2ba6 (base 13) in base 15?
-1d5e
Convert 11101 (base 3) to base 7.
226
What is 3511 (base 8) in base 6?
12345
What is 2200220 (base 3) in base 10?
1968
-20322 (base 4) to base 5
-4240
What is -838 (base 11) in base 9?
-1341
What is -1141 (base 6) in base 14?
-15b
What is 626 (base 7) in base 5?
2224
What is -1378 (base 11) in base 13?
-a6b
Convert a02 (base 13) to base 4.
122130
Convert -312e (base 15) to base 9.
-15228
What is 110d (base 14) in base 9?
4041
Convert 2805 (base 9) to base 11.
164a
Convert -111220 (base 4) to base 16.
-568
-2455 (base 7) to base 12
-64a
What is 10111110 (base 3) in base 14?
d02
-101010010110100 (base 2) to base 5
-1143214
Convert 8a45 (base 13) to base 9.
28450
What is -344 (base 14) in base 4?
-22020
Convert -398 (base 16) to base 11.
-767
What is 1721 (base 16) in base 5?
142141
Convert -216 (base 14) to base 12.
-2a4
Convert 492 (base 12) to base 3.
221102
Convert -196 (base 14) to base 8.
-510
-1c5 (base 15) to base 2
-110011010
What is -2000 (base 6) in base 14?
-22c
What is 161323 (base 7) in base 9?
47454
Convert 10123 (base 4) to base 16.
11b
22364 (base 7) to base 13
2780
222641 (base 7) to base 10
39425
-15137 (base 9) to base 10
-10321
373 (base 14) to base 16
2b1
Convert 35440 (base 9) to base 14.
88c0
What is -17564 (base 8) in base 12?
-47b0
-2660 (base 9) to base 3
-2202000
-2993 (base 13) to base 10
-6035
Convert -103232 (base 5) to base 10.
-3567
11020 (base 5) to base 7
2134
Convert 22ac (base 13) to base 2.
1001100001010
31003 (base 4) to base 7
2302
Convert -21032002 (base 4) to base 7.
-215044
54311 (base 8) to base 12
111a1
Convert -2608 (base 13) to base 14.
-1d8c
441433 (base 5) to base 11
104a8
97a2 (base 12) to base 5
1013212
What is -1421322 (base 5) in base 8?
-71623
What is 362 (base 14) in base 2?
1010100010
3434130 (base 5) to base 13
22181
What is -174 (base 16) in base 13?
-228
-110 (base 12) to base 14
-b2
What is -24200 (base 5) in base 13?
-a86
Convert -3003 (base 6) to base 8.
-1213
-b703 (base 12) to base 11
-1404a
Convert 212200 (base 3) to base 4.
21333
7625 (base 9) to base 11
4242
-2334 (base 14) to base 12
-3662
bd4 (base 16) to base 10
3028
143034 (base 6) to base 2
11010100111110
What is -205502 (base 8) in base 5?
-4142133
14bba (base 12) to base 15
8a84
What is 268 (base 14) in base 10?
484
Convert -54 (base 7) to base 9.
-43
What is -1325 (base 11) in base 15?
-79b
Convert 8727 (base 10) to base 4.
2020113
What is 1643 (base 12) in base 10?
2643
122542 (base 7) to base 5
1210240
11102011 (base 3) to base 13
1606
Convert -127 (base 16) to base 5.
-2140
-182 (base 9) to base 12
-10b
Convert -5804 (base 13) to base 3.
-121221002
Convert 15404 (base 8) to base 3.
100111011
What is -10555 (base 6) in base 8?
-2747
-11222 (base 3) to base 10
-134
-3c4b (base 13) to base 6
-104110
Convert 49c2 (base 15) to base 14.
5a1d
What is -20102122 (base 3) in base 13?
-2198
912 (base 12) to base 16
51e
Convert 1000011111000010 (base 2) to base 7.
203216
Convert 25353 (base 6) to base 7.
14055
What is -116a (base 14) in base 3?
-11011101
-32302 (base 4) to base 13
-57a
Convert 35c (base 14) to base 9.
824
What is -15a5 (base 13) in base 16?
-c69
48b8 (base 12) to base 9
12225
46a (base 13) to base 3
1001022
What is 95 (base 14) in base 13?
a1
Convert -3135 (base 8) to base 12.
-b39
Convert -1110020 (base 3) to base 13.
-636
Convert 220 (base 3) to base 13.
1b
18033 (base 10) to base 3
220201220
Convert -4297 (base 10) to base 9.
-5804
Convert -560 (base 7) to base 9.
-348
What is 1000000001011 (base 2) in base 7?
14655
-1011011011111010 (base 2) to base 15
-dd2c
What is 29b6 (base 14) in base 5?
214122
What is -87 (base 11) in base 2?
-1011111
What is 115552 (base 6) in base 12?
5bb8
What is -1011321 (base 4) in base 12?
-2709
Convert 3313 (base 4) to base 7.
502
What is -3387 (base 10) in base 9?
-4573
-8c2 (base 16) to base 4
-203002
Convert 1100 (base 3) to base 4.
210
What is 210014 (base 5) in base 7?
26033
What is -1111110101 (base 2) in base 14?
-525
What is 2ed (base 15) in base 10?
673
-2488 (base 15) to base 10
-7778
-150 (base 7) to base 16
-54
8448 (base 9) to base 12
3708
What is -1210021 (base 3) in base 5?
-20203
What is -81a6 (base 16) in base 2?
-1000000110100110
Convert -155122 (base 6) to base 14.
-5870
-3230 (base 4) to base 15
-10b
Convert 110101210 (base 3) to base 16.
234f
Convert 3330041 (base 5) to base 15.
12366
Convert -1728 (base 15) to base 4.
-1031330
Convert -162 (base 15) to base 6.
-1245
What is -1344 (base 9) in base 14?
-524
What is -221302 (base 5) in base 2?
-1111000010110
What is 100010100010 (base 2) in base 13?
1010
2041 (base 6) to base 12
321
-2030 (base 13) to base 16
-1151
-1101111 (base 2) to base 3
-11010
What is -29b (base 14) in base 13?
-319
What is -1220442 (base 5) in base 16?
-5acf
What is -166214 (base 7) in base 9?
-50708
What is -12213020 (base 4) in base 6?
-325212
Convert -1121300 (base 6) to base 11.
-3a0a5
Convert -43b (base 15) to base 2.
-1110111100
Convert 1135 (base 9) to base 11.
6a6
Convert 1537 (base 9) to base 15.
52d
What is 17b76 (base 13) in base 2?
1011001101001000
Convert -1010011111100 (base 2) to base 6.
-40512
What is 31111 (base 6) in base 8?
10063
Convert 11121010 (base 3) to base 14.
1315
Convert -5757 (base 12) to base 8.
-22763
Convert 30312102 (base 4) to base 11.
365a2
Convert -50727 (base 8) to base 11.
-14817
Convert -131a (base 12) to base 16.
-886
-11011 (base 5) to base 11
-628
What is 10021110110 (base 3) in base 11?
444a6
128 (base 9) to base 12
8b
Convert -517 (base 11) to base 9.
-762
101000110 (base 2) to base 14
194
-926c (base 14) to base 11
-17a15
Convert -1061 (base 9) to base 8.
-1420
Convert 1012001010 (base 3) to base 12.
11626
What is -1010011010 (base 2) in base 11?
-556
Convert 100033 (base 4) to base 12.
727
Convert -14521 (base 6) to base 11.
-184a
63649 (base 10) to base 12
30a01
Convert -433214 (base 5) to base 16.
-39d9
62c0 (base 13) to base 7
54605
13013 (base 7) to base 4
311300
a98 (base 14) to base 2
100000101110
-232300 (base 4) to base 3
-11002211
1c53 (base 16) to base 4
1301103
56c (base 16) to base 8
2554
What is -342132 (base 5) in base 7?
-50321
Convert 3572 (base 9) to base 7.
10514
1497 (base 15) to base 13
201a
What is -2430300 (base 5) in base 12?
-22544
Convert 5380 (base 10) to base 9.
7337
115350 (base 7) to base 14
7997
1485 (base 9) to base 10
1130
Convert 1011000111110010 (base 2) to base 3.
2022111012
What is -2073 (base 14) in base 10?
-5589
Convert 10000001000010010 (base 2) to base 15.
14896
What is 13244 (base 5) in base 7?
3063
What is 2045 (base 7) in base 6?
3155
What is 3947 (base 13) in base 10?
8171
Convert 3032 (base 5) to base 10.
392
-3050 (base 7) to base 6
-4532
Convert 2203 (base 7) to base 11.
656
Convert 8a63 (base 12) to base 11.
10585
4744 (base 11) to base 8
14113
520451 (base 6) to base 4
22022233
Convert 2166 (base 9) to base 8.
3077
What is 2122200201 (base 3) in base 10?
52264
Convert 11185 (base 10) to base 14.
410d
What is -9243 (base 12) in base 9?
-23716
Convert 11061 (base 7) to base 9.
3736
What is 10431 (base 5) in base 6?
3233
-10 (base 15) to base 2
-1111
What is -2c28 (base 13) in base 7?
-24552
What is 43 (base 13) in base 3?
2001
14fd (base 16) to base 13
25a4
What is 1001 (base 8) in base 15?
243
Convert 1300211 (base 4) to base 8.
16045
Convert -c257 (base 14) to base 13.
-12280
Convert 9b8 (base 12)